{"id":958,"date":"2022-04-03T18:19:53","date_gmt":"2022-04-03T21:19:53","guid":{"rendered":"https:\/\/institutotherapy.com.br\/site\/?post_type=product&#038;p=958"},"modified":"2024-11-06T20:41:35","modified_gmt":"2024-11-06T23:41:35","slug":"elite-olympus","status":"publish","type":"product","link":"https:\/\/institutotherapy.com.br\/site\/product\/elite-olympus\/","title":{"rendered":"Elite Olympus"},"content":{"rendered":"<h5><em><b>Registro ANVISA 80030810090<\/b><\/em><\/h5>\n<p><span style=\"font-weight: 400;\">Solu\u00e7\u00e3o mais completa de Fototerapia mundial empregada em solu\u00e7\u00f5es est\u00e9ticas faciais e corporais.<\/span><\/p>\n<p><span style=\"font-weight: 400;\">Na Odontologia Est\u00e9tica Orofacial \u00e9 indicado para procedimentos de marcas de express\u00e3o, controle da acne, clareamento de hipercromias, p\u00f3s-operat\u00f3rio cir\u00fargico, rejuvenescimento, hidrata\u00e7\u00e3o dos tecidos, ilumina\u00e7\u00e3o facial, biomodula\u00e7\u00e3o celular e tecidual e drenagem linf\u00e1tica, al\u00e9m de todos os recursos para tratamentos est\u00e9ticos corporais.<\/span><\/p>\n<p><span style=\"font-weight: 400;\">Elite \u00e9 composto por sistema h\u00edbrido LED\/LASER. Os LEDs emitem comprimento de onda t\u00edpico em azul (470 nm) e \u00e2mbar (590 nm). Os diodos LASER emitem comprimento de onda vermelho (660 nm) e infravermelho (808 nm). lndolor, seguro e eficaz em todos os tratamentos est\u00e9ticos n\u00e3o-invasivos.<\/span><\/p>\n<h3><b>Itens que Acompanham o Produto<\/b><\/h3>\n<ul>\n<li style=\"font-weight: 400;\" aria-level=\"1\"><span style=\"font-weight: 400;\">01 cabo de alimenta\u00e7\u00e3o<\/span><\/li>\n<li style=\"font-weight: 400;\" aria-level=\"1\"><span style=\"font-weight: 400;\">02 \u00f3culos de prote\u00e7\u00e3o<\/span><\/li>\n<li style=\"font-weight: 400;\" aria-level=\"1\"><span style=\"font-weight: 400;\">01 protetor ocular<\/span><\/li>\n<\/ul>\n<ul>\n<li style=\"font-weight: 400;\" aria-level=\"1\"><span style=\"font-weight: 400;\">01 maleta para transporte<\/span><\/li>\n<li style=\"font-weight: 400;\" aria-level=\"1\"><span style=\"font-weight: 400;\">02 fus\u00edveis extras<\/span><\/li>\n<li style=\"font-weight: 400;\" aria-level=\"1\"><span style=\"font-weight: 400;\">01 termo de garantia<\/span><\/li>\n<\/ul>\n<h3><\/h3>\n<h3><b>Especifica\u00e7\u00f5es<\/b><\/h3>\n<ul>\n<li style=\"font-weight: 400;\" aria-level=\"1\"><span style=\"font-weight: 400;\">Tens\u00e3o de Alimenta\u00e7\u00e3o<\/span><span style=\"font-weight: 400;\"><br \/>\n<\/span><span style=\"font-weight: 400;\">90 \u2013 240 V~<\/span><\/li>\n<li style=\"font-weight: 400;\" aria-level=\"1\"><span style=\"font-weight: 400;\">Peso<\/span><span style=\"font-weight: 400;\"><br \/>\n<\/span><span style=\"font-weight: 400;\">3,00 Kg<\/span><\/li>\n<li style=\"font-weight: 400;\" aria-level=\"1\"><span style=\"font-weight: 400;\">Dimens\u00f5es<\/span><span style=\"font-weight: 400;\"><br \/>\n<\/span><span style=\"font-weight: 400;\">11cm (P) x 25cm (L) x 22cm (A)<\/span><\/li>\n<li style=\"font-weight: 400;\" aria-level=\"1\"><span style=\"font-weight: 400;\">Comprimento de onda laser vermelho<\/span><span style=\"font-weight: 400;\"><br \/>\n<\/span><span style=\"font-weight: 400;\">660 nm \u00b1 10 nm<\/span><\/li>\n<li style=\"font-weight: 400;\" aria-level=\"1\"><span style=\"font-weight: 400;\">Pot\u00eancia \u00fatil emissor laser vermelho<\/span><span style=\"font-weight: 400;\"><br \/>\n<\/span><span style=\"font-weight: 400;\">100 mW \u00b1 20%<\/span><\/li>\n<li style=\"font-weight: 400;\" aria-level=\"1\"><span style=\"font-weight: 400;\">Comprimento de onda laser infravermelho<\/span><span style=\"font-weight: 400;\"><br \/>\n<\/span><span style=\"font-weight: 400;\">808 nm \u00b1 10 nm<\/span><\/li>\n<li style=\"font-weight: 400;\" aria-level=\"1\"><span style=\"font-weight: 400;\">Pot\u00eancia \u00fatil emissor laser infravermelho<\/span><span style=\"font-weight: 400;\"><br \/>\n<\/span><span style=\"font-weight: 400;\">100 mW \u00b1 20%<\/span><\/li>\n<\/ul>\n<ul>\n<li style=\"font-weight: 400;\" aria-level=\"1\"><span style=\"font-weight: 400;\">Comprimento de onda led azul<\/span><span style=\"font-weight: 400;\"><br \/>\n<\/span><span style=\"font-weight: 400;\">450 nm \u00b1 10 nm<\/span><\/li>\n<li style=\"font-weight: 400;\" aria-level=\"1\"><span style=\"font-weight: 400;\">Emiss\u00e3o m\u00e1xima do led azul<\/span><span style=\"font-weight: 400;\"><br \/>\n<\/span><span style=\"font-weight: 400;\">700 mW \u00b1 20%<\/span><\/li>\n<li style=\"font-weight: 400;\" aria-level=\"1\"><span style=\"font-weight: 400;\">Comprimento de onda led violeta<\/span><span style=\"font-weight: 400;\"><br \/>\n<\/span><span style=\"font-weight: 400;\">405 nm \u00b1 10 nm<\/span><\/li>\n<li style=\"font-weight: 400;\" aria-level=\"1\"><span style=\"font-weight: 400;\">Emiss\u00e3o m\u00e1xima do led violeta<\/span><span style=\"font-weight: 400;\"><br \/>\n<\/span><span style=\"font-weight: 400;\">600 mW \u00b1 20%<\/span><\/li>\n<li style=\"font-weight: 400;\" aria-level=\"1\"><span style=\"font-weight: 400;\">Comprimento de onda led \u00e2mbar<\/span><span style=\"font-weight: 400;\"><br \/>\n<\/span><span style=\"font-weight: 400;\">590 nm \u00b1 10 nm<\/span><\/li>\n<\/ul>\n<p><span style=\"font-weight: 400;\">Emiss\u00e3o m\u00e1xima do led \u00e2mbar<\/span><span style=\"font-weight: 400;\"><br \/>\n<\/span><span style=\"font-weight: 400;\">48 lm \u00b1 20%<\/span><\/p>\n","protected":false},"excerpt":{"rendered":"<h3><span style=\"font-weight: 400;\">O <strong>Elite Olympus<\/strong> \u00e9 indicado para o tratamento de acne, manchas na pele, olheiras, marcas de express\u00e3o, rejuvenescimento facial, hidrata\u00e7\u00e3o dos tecidos faciais, ilumina\u00e7\u00e3o facial, clareamento facial e efeito reparador do col\u00e1geno.<\/span><\/h3>\n","protected":false},"featured_media":959,"comment_status":"open","ping_status":"closed","template":"","meta":[],"product_cat":[18,44,41,46,48,49,42,43,47,45],"product_tag":[],"class_list":{"0":"post-958","1":"product","2":"type-product","3":"status-publish","4":"has-post-thumbnail","5":"hentry","6":"product_cat-produtos-dmc","7":"product_cat-enfermagem","8":"product_cat-estetica","9":"product_cat-fisioterapia","10":"product_cat-fonaudiologa","11":"product_cat-laserpuntura","12":"product_cat-medicina","13":"product_cat-odontologia","14":"product_cat-podologia","15":"product_cat-veterinaria","17":"entry","18":"has-media","19":"owp-thumbs-layout-horizontal","20":"owp-btn-normal","21":"owp-tabs-layout-horizontal","22":"has-no-thumbnails"},"_links":{"self":[{"href":"https:\/\/institutotherapy.com.br\/site\/wp-json\/wp\/v2\/product\/958","targetHints":{"allow":["GET"]}}],"collection":[{"href":"https:\/\/institutotherapy.com.br\/site\/wp-json\/wp\/v2\/product"}],"about":[{"href":"https:\/\/institutotherapy.com.br\/site\/wp-json\/wp\/v2\/types\/product"}],"replies":[{"embeddable":true,"href":"https:\/\/institutotherapy.com.br\/site\/wp-json\/wp\/v2\/comments?post=958"}],"wp:featuredmedia":[{"embeddable":true,"href":"https:\/\/institutotherapy.com.br\/site\/wp-json\/wp\/v2\/media\/959"}],"wp:attachment":[{"href":"https:\/\/institutotherapy.com.br\/site\/wp-json\/wp\/v2\/media?parent=958"}],"wp:term":[{"taxonomy":"product_cat","embeddable":true,"href":"https:\/\/institutotherapy.com.br\/site\/wp-json\/wp\/v2\/product_cat?post=958"},{"taxonomy":"product_tag","embeddable":true,"href":"https:\/\/institutotherapy.com.br\/site\/wp-json\/wp\/v2\/product_tag?post=958"}],"curies":[{"name":"wp","href":"https:\/\/api.w.org\/{rel}","templated":true}]}}