{"id":888,"date":"2022-04-03T15:42:35","date_gmt":"2022-04-03T18:42:35","guid":{"rendered":"https:\/\/institutotherapy.com.br\/site\/?post_type=product&#038;p=888"},"modified":"2024-11-06T20:45:05","modified_gmt":"2024-11-06T23:45:05","slug":"e-lib","status":"publish","type":"product","link":"https:\/\/institutotherapy.com.br\/site\/product\/e-lib\/","title":{"rendered":"E-Lib"},"content":{"rendered":"<h5><em><b>Registro ANVISA\u00a0<\/b><\/em><\/h5>\n<p><span style=\"font-weight: 400;\">O e-lib \u00e9 um equipamento fabricado com a mais alta tecnologia, obedecendo \u00e0s mais recentes normas de fabrica\u00e7\u00e3o nacionais exigidas pela ANVISA \u2013 Ag\u00eancia Nacional de Vigil\u00e2ncia Sanit\u00e1ria.<\/span><\/p>\n<p><span style=\"font-weight: 400;\">O e-lib foi desenvolvido para ser utilizado por m\u00e9dicos, biom\u00e9dicos, fisioterapeutas, esteticistas de n\u00edvel t\u00e9cnico e de gradua\u00e7\u00e3o, enfermeiros, cirurgi\u00f5es-dentistas, acupunturistas, pod\u00f3logos e fonoaudi\u00f3logos em cl\u00ednicas ou consult\u00f3rios. O profissional deve estar qualificado para a aplica\u00e7\u00e3o das t\u00e9cnicas relacionadas ao produto.<\/span><\/p>\n<p><span style=\"font-weight: 400;\">O e-lib \u00e9 um equipamento sem fio, com bateria recarreg\u00e1vel. Ele deve ser utilizado em conjunto com um aparelho celular (Android ou iOS) com conex\u00e3o Bluetooth\u00ae.<\/span><\/p>\n<p><span style=\"font-weight: 400;\">Caso a bateria esteja descarregada, o equipamento poder\u00e1 ser utilizado conectado ao carregador.<\/span><\/p>\n<h3><b>Itens que Acompanham o Produto<\/b><\/h3>\n<ul>\n<li style=\"font-weight: 400;\" aria-level=\"1\"><span style=\"font-weight: 400;\">01 unidade E-Lib<\/span><\/li>\n<li style=\"font-weight: 400;\" aria-level=\"1\"><span style=\"font-weight: 400;\">01 cabo de alimenta\u00e7\u00e3o<\/span><\/li>\n<li style=\"font-weight: 400;\" aria-level=\"1\"><span style=\"font-weight: 400;\">01 carregador<\/span><\/li>\n<\/ul>\n<ul>\n<li style=\"font-weight: 400;\" aria-level=\"1\"><span style=\"font-weight: 400;\">pulseira para o equipamento<\/span><\/li>\n<li style=\"font-weight: 400;\" aria-level=\"1\"><span style=\"font-weight: 400;\">01 case para armazenamento e transporte<\/span><\/li>\n<li style=\"font-weight: 400;\" aria-level=\"1\"><span style=\"font-weight: 400;\">01 guia do usu\u00e1rio<\/span><\/li>\n<\/ul>\n<h3><\/h3>\n<h3><b>Especifica\u00e7\u00f5es<\/b><\/h3>\n<ul>\n<li style=\"font-weight: 400;\" aria-level=\"1\"><span style=\"font-weight: 400;\">Tens\u00e3o de Alimenta\u00e7\u00e3o (carregador)<\/span><span style=\"font-weight: 400;\"><br \/>\n<\/span><span style=\"font-weight: 400;\">100-240 V~<\/span><\/li>\n<li style=\"font-weight: 400;\" aria-level=\"1\"><span style=\"font-weight: 400;\">Pot\u00eancia de entrada (carregador)<\/span><span style=\"font-weight: 400;\"><br \/>\n<\/span><span style=\"font-weight: 400;\">15 VA<\/span><\/li>\n<li style=\"font-weight: 400;\" aria-level=\"1\"><span style=\"font-weight: 400;\">Frequ\u00eancia de alimenta\u00e7\u00e3o<\/span><span style=\"font-weight: 400;\"><br \/>\n<\/span><span style=\"font-weight: 400;\">50\/60 Hz<\/span><\/li>\n<\/ul>\n<ul>\n<li style=\"font-weight: 400;\" aria-level=\"1\"><span style=\"font-weight: 400;\">Bateria<\/span><span style=\"font-weight: 400;\"><br \/>\n<\/span><span style=\"font-weight: 400;\">3.7 V, recarreg\u00e1vel, com circuito de prote\u00e7\u00e3o<\/span><\/li>\n<li style=\"font-weight: 400;\" aria-level=\"1\"><span style=\"font-weight: 400;\">Dimens\u00f5es<\/span><span style=\"font-weight: 400;\"><br \/>\n<\/span><span style=\"font-weight: 400;\">7,5 cm (C) x 6,0 cm (L) x 3,5 cm (A)<\/span><\/li>\n<\/ul>\n<p><span style=\"font-weight: 400;\">Peso<\/span><span style=\"font-weight: 400;\"><br \/>\n<\/span><span style=\"font-weight: 400;\">0,440 kg<\/span><\/p>\n","protected":false},"excerpt":{"rendered":"<h3><span style=\"font-weight: 400;\">Inovador e revolucion\u00e1rio, <strong>E-Lib<\/strong> \u00e9 o primeiro sistema LASER para personaliza\u00e7\u00e3o da T\u00e9cnica ILIB, permitindo individualizar cada uma de suas etapas: configura\u00e7\u00e3o dos par\u00e2metros, estabelecimento de protocolos, controle da evolu\u00e7\u00e3o e avalia\u00e7\u00e3o dos resultados.<\/span><\/h3>\n<h3><span style=\"font-weight: 400;\">Composto por DISPOSITIVO ELETR\u00d4NICO ajust\u00e1vel ao punho sobre a art\u00e9ria arterial + APLICATIVO especifico (sistemas IOS e Android).<\/span><\/h3>\n<h3><span style=\"font-weight: 400;\">Ele deve ser utilizado em conjunto com um Smartphone* (Android ou iOS) com conex\u00e3o Bluetooth\u00ae.<\/span><\/h3>\n<h3><span style=\"font-weight: 400;\">*N\u00e3o acompanha smartphone<\/span><\/h3>\n","protected":false},"featured_media":889,"comment_status":"open","ping_status":"closed","template":"","meta":[],"product_cat":[18],"product_tag":[],"class_list":{"0":"post-888","1":"product","2":"type-product","3":"status-publish","4":"has-post-thumbnail","5":"hentry","6":"product_cat-produtos-dmc","8":"entry","9":"has-media","10":"owp-thumbs-layout-horizontal","11":"owp-btn-normal","12":"owp-tabs-layout-horizontal","13":"has-no-thumbnails"},"_links":{"self":[{"href":"https:\/\/institutotherapy.com.br\/site\/wp-json\/wp\/v2\/product\/888","targetHints":{"allow":["GET"]}}],"collection":[{"href":"https:\/\/institutotherapy.com.br\/site\/wp-json\/wp\/v2\/product"}],"about":[{"href":"https:\/\/institutotherapy.com.br\/site\/wp-json\/wp\/v2\/types\/product"}],"replies":[{"embeddable":true,"href":"https:\/\/institutotherapy.com.br\/site\/wp-json\/wp\/v2\/comments?post=888"}],"wp:featuredmedia":[{"embeddable":true,"href":"https:\/\/institutotherapy.com.br\/site\/wp-json\/wp\/v2\/media\/889"}],"wp:attachment":[{"href":"https:\/\/institutotherapy.com.br\/site\/wp-json\/wp\/v2\/media?parent=888"}],"wp:term":[{"taxonomy":"product_cat","embeddable":true,"href":"https:\/\/institutotherapy.com.br\/site\/wp-json\/wp\/v2\/product_cat?post=888"},{"taxonomy":"product_tag","embeddable":true,"href":"https:\/\/institutotherapy.com.br\/site\/wp-json\/wp\/v2\/product_tag?post=888"}],"curies":[{"name":"wp","href":"https:\/\/api.w.org\/{rel}","templated":true}]}}