{"id":1198,"date":"2022-04-04T16:09:40","date_gmt":"2022-04-04T19:09:40","guid":{"rendered":"https:\/\/institutotherapy.com.br\/site\/?post_type=product&#038;p=1198"},"modified":"2024-11-07T13:24:46","modified_gmt":"2024-11-07T16:24:46","slug":"cilindro-para-oxigenio","status":"publish","type":"product","link":"https:\/\/institutotherapy.com.br\/site\/product\/cilindro-para-oxigenio\/","title":{"rendered":"Cilindro para oxig\u00eanio"},"content":{"rendered":"","protected":false},"excerpt":{"rendered":"<p>S\u00e3o fabricados em liga de alta resist\u00eancia, conforme normas DOT (Departament of Transportation) 3 AL dos EUA e 3ALM do Canad\u00e1 e s\u00e3o 30% mais leves que os similares em a\u00e7o.<\/p>\n<p>M6 Capacidade para 170L R$ 780,00<\/p>\n<p>MD Capacidade para 425L R$ 1.190,00<\/p>\n<p>ME Capacidade para 676L R$ 1.290,00<\/p>\n","protected":false},"featured_media":1203,"comment_status":"open","ping_status":"closed","template":"","meta":[],"product_cat":[26],"product_tag":[],"class_list":{"0":"post-1198","1":"product","2":"type-product","3":"status-publish","4":"has-post-thumbnail","5":"hentry","6":"product_cat-produtos-philozon","8":"entry","9":"has-media","10":"owp-thumbs-layout-horizontal","11":"owp-btn-normal","12":"owp-tabs-layout-horizontal","13":"has-no-thumbnails"},"_links":{"self":[{"href":"https:\/\/institutotherapy.com.br\/site\/wp-json\/wp\/v2\/product\/1198","targetHints":{"allow":["GET"]}}],"collection":[{"href":"https:\/\/institutotherapy.com.br\/site\/wp-json\/wp\/v2\/product"}],"about":[{"href":"https:\/\/institutotherapy.com.br\/site\/wp-json\/wp\/v2\/types\/product"}],"replies":[{"embeddable":true,"href":"https:\/\/institutotherapy.com.br\/site\/wp-json\/wp\/v2\/comments?post=1198"}],"wp:featuredmedia":[{"embeddable":true,"href":"https:\/\/institutotherapy.com.br\/site\/wp-json\/wp\/v2\/media\/1203"}],"wp:attachment":[{"href":"https:\/\/institutotherapy.com.br\/site\/wp-json\/wp\/v2\/media?parent=1198"}],"wp:term":[{"taxonomy":"product_cat","embeddable":true,"href":"https:\/\/institutotherapy.com.br\/site\/wp-json\/wp\/v2\/product_cat?post=1198"},{"taxonomy":"product_tag","embeddable":true,"href":"https:\/\/institutotherapy.com.br\/site\/wp-json\/wp\/v2\/product_tag?post=1198"}],"curies":[{"name":"wp","href":"https:\/\/api.w.org\/{rel}","templated":true}]}}