{"id":1151,"date":"2022-04-04T15:23:06","date_gmt":"2022-04-04T18:23:06","guid":{"rendered":"https:\/\/institutotherapy.com.br\/site\/?post_type=product&#038;p=1151"},"modified":"2024-11-07T13:38:32","modified_gmt":"2024-11-07T16:38:32","slug":"medplus-v","status":"publish","type":"product","link":"https:\/\/institutotherapy.com.br\/site\/product\/medplus-v\/","title":{"rendered":"Medplus V"},"content":{"rendered":"<p><em>Registro ANVISA n\u00ba 80472910001<\/em><\/p>\n<h3><strong>Especifica\u00e7\u00f5es T\u00e9cnicas:<\/strong><\/h3>\n<p>Dimens\u00f5es: 32 x 32 x 17cm<\/p>\n<p>Controle de g\u00e1s: controle autom\u00e1tico, por v\u00e1lvulas solen\u00f3ides<br \/>\nPeso: 3,8kg<\/p>\n<p>Press\u00e3o de Oxig\u00eanio: press\u00e3o de trabalho entre 1,5 a 3,5 kgf\/cm\u00b2<br \/>\nFluxo de Oxig\u00eanio: 1\/Lmin (calibrado internamente). Regulagem autom\u00e1tica<\/p>\n<p>Catalisador de O3: catalisador qu\u00edmico (destrutor) que converte o oz\u00f4nio em oxig\u00eanio<br \/>\nBomba de V\u00e1cuo: -75kPa de press\u00e3o m\u00e1xima e vaz\u00e3o m\u00e1xima de 4L\/min<\/p>\n<p>Calibra\u00e7\u00e3o: fotom\u00e9trica<br \/>\nPainel de Leitura: Digital &#8211; Display LCD<\/p>\n<p>Sensores: sensor para ativar\/desativar gera\u00e7\u00e3o de oz\u00f4nio pela detec\u00e7\u00e3o de oxig\u00eanio<br \/>\nConcentra\u00e7\u00f5es: 5\u00b5g\/ml &#8211; 60\u00b5g\/mL<\/p>\n<p>Tens\u00e3o de Alimenta\u00e7\u00e3o: 100 a 240 V (sele\u00e7\u00e3o autom\u00e1tica)<\/p>\n","protected":false},"excerpt":{"rendered":"<p><strong>Gerador de oz\u00f4nio<\/strong> Philozon com controles espec\u00edficos para aplica\u00e7\u00f5es em sa\u00fade e com sistema de v\u00e1cuo integrado. Excel\u00eancia na produ\u00e7\u00e3o de oz\u00f4nio; sistema de v\u00e1cuo integrado; 100% autom\u00e1tico (livre de tabelas e c\u00e1lculos); fun\u00e7\u00e3o timer.<\/p>\n","protected":false},"featured_media":2116,"comment_status":"open","ping_status":"closed","template":"","meta":[],"product_cat":[27,26],"product_tag":[],"class_list":{"0":"post-1151","1":"product","2":"type-product","3":"status-publish","4":"has-post-thumbnail","5":"hentry","6":"product_cat-produtos","7":"product_cat-produtos-philozon","9":"entry","10":"has-media","11":"owp-thumbs-layout-horizontal","12":"owp-btn-normal","13":"owp-tabs-layout-horizontal","14":"has-no-thumbnails"},"_links":{"self":[{"href":"https:\/\/institutotherapy.com.br\/site\/wp-json\/wp\/v2\/product\/1151","targetHints":{"allow":["GET"]}}],"collection":[{"href":"https:\/\/institutotherapy.com.br\/site\/wp-json\/wp\/v2\/product"}],"about":[{"href":"https:\/\/institutotherapy.com.br\/site\/wp-json\/wp\/v2\/types\/product"}],"replies":[{"embeddable":true,"href":"https:\/\/institutotherapy.com.br\/site\/wp-json\/wp\/v2\/comments?post=1151"}],"wp:featuredmedia":[{"embeddable":true,"href":"https:\/\/institutotherapy.com.br\/site\/wp-json\/wp\/v2\/media\/2116"}],"wp:attachment":[{"href":"https:\/\/institutotherapy.com.br\/site\/wp-json\/wp\/v2\/media?parent=1151"}],"wp:term":[{"taxonomy":"product_cat","embeddable":true,"href":"https:\/\/institutotherapy.com.br\/site\/wp-json\/wp\/v2\/product_cat?post=1151"},{"taxonomy":"product_tag","embeddable":true,"href":"https:\/\/institutotherapy.com.br\/site\/wp-json\/wp\/v2\/product_tag?post=1151"}],"curies":[{"name":"wp","href":"https:\/\/api.w.org\/{rel}","templated":true}]}}